{"id":451,"date":"2021-10-07T12:49:10","date_gmt":"2021-10-07T10:49:10","guid":{"rendered":"https:\/\/lecxit.cat\/families-lectores\/?page_id=451"},"modified":"2024-01-15T20:31:01","modified_gmt":"2024-01-15T19:31:01","slug":"kit-metodologic","status":"publish","type":"page","link":"https:\/\/lecxit.cat\/families-lectores\/kit-metodologic\/","title":{"rendered":"Kit metodol\u00f2gic"},"content":{"rendered":"\n<div class=\"wp-block-group sessio-header is-layout-flow wp-block-group-is-layout-flow\"><div class=\"wp-block-group__inner-container\">\n<h1 data-splitting=\"\">Exploreu el kit metodol\u00f2gic per promoure fam\u00edlies aliades de la lectura<\/h1>\n\n\n\n<div class=\"wp-block-group video-container is-layout-flow wp-block-group-is-layout-flow\"><div class=\"wp-block-group__inner-container\">\n<div class=\"wp-block-group max-width is-layout-flow wp-block-group-is-layout-flow\"><div class=\"wp-block-group__inner-container\">\n<figure id=\"video-guia\" class=\"wp-block-video video-auto\"><video autoplay controls preload=\"auto\" src=\"https:\/\/lecxit.cat\/families-lectores\/wp-content\/uploads\/2022\/06\/families-aliades-materials.mp4\" playsinline><\/video><\/figure>\n\n\n\n<figure class=\"wp-block-image size-full thumb\"><img loading=\"lazy\" decoding=\"async\" width=\"158\" height=\"158\" src=\"https:\/\/lecxit.cat\/families-lectores\/wp-content\/uploads\/2021\/09\/thumb-silvia.png\" alt=\"\" class=\"wp-image-362\" srcset=\"https:\/\/lecxit.cat\/families-lectores\/wp-content\/uploads\/2021\/09\/thumb-silvia.png 158w, https:\/\/lecxit.cat\/families-lectores\/wp-content\/uploads\/2021\/09\/thumb-silvia-150x150.png 150w\" sizes=\"(max-width: 158px) 100vw, 158px\" \/><\/figure>\n\n\n\n<div class=\"wp-block-buttons is-layout-flex wp-block-buttons-is-layout-flex\">\n<div class=\"wp-block-button\" id=\"play-btn\"><a class=\"wp-block-button__link wp-element-button\">Veure&nbsp;v\u00eddeo<\/a><\/div>\n<\/div>\n\n\n\n<p><\/p>\n<\/div><\/div>\n<\/div><\/div>\n\n\n\n<h2 data-splitting=\"\">Un model per millorar les capacitats parentals en la promoci\u00f3 de la lectura<\/h2>\n\n\n\n<div class=\"wp-block-group contingut is-layout-flow wp-block-group-is-layout-flow\"><div class=\"wp-block-group__inner-container\">\n<p>La <strong><a href=\"https:\/\/lecxit.cat\/families-lectores\/wp-content\/uploads\/2021\/10\/GUIA_Les-families-aliades-de-la-lectura.pdf\" target=\"_blank\" rel=\"noreferrer noopener\">guia<\/a><\/strong> s\u2019adre\u00e7a a tots aquells <strong>agents educatius que treballeu amb fam\u00edlies<\/strong> i que us vulgueu dotar d\u2019arguments i metodologies per potenciar la lectura a trav\u00e9s d\u2019activitats molt pr\u00e0ctiques.<\/p>\n\n\n\n<p>Proposa <strong>3 sessions per fomentar la lectura en fam\u00edlia <\/strong>d\u2019una manera senzilla: per incorporar propostes lectores en el dia a dia, per visibilitzar el valor que t\u00e9 la lectura per aprendre, per compartir, per somiar, per conversar, per divertir-nos o per emocionar-nos. A totes les sessions, les fam\u00edlies s\u00f3n les principals protagonistes.<\/p>\n\n\n\n<ul>\n<li>La <strong><a href=\"https:\/\/lecxit.cat\/families-lectores\/sessions\/sessio-1\/\" target=\"_blank\" rel=\"noreferrer noopener\">1\u00aa sessi\u00f3<\/a><\/strong> aporta un ventall de propostes lectores per obrir la mirada i engrescar les fam\u00edlies.<\/li>\n\n\n\n<li>La<strong> <a href=\"https:\/\/lecxit.cat\/families-lectores\/sessions\/sessio-2\/\" target=\"_blank\" rel=\"noreferrer noopener\">2\u00aa sessi\u00f3<\/a><\/strong> promou un treball m\u00e9s personal perqu\u00e8 les fam\u00edlies sentin que poden fer un bon acompanyament lector a casa i prenguin consci\u00e8ncia de qu\u00e8 poden fer i com.<\/li>\n\n\n\n<li>La <strong><a href=\"https:\/\/lecxit.cat\/families-lectores\/sessions\/sessio-3\/\" target=\"_blank\" rel=\"noreferrer noopener\">3\u00aa sessi\u00f3<\/a><\/strong> genera un espai molt m\u00e9s de di\u00e0leg, per valorar el que s\u2019ha anat aprenent, compartir els neguits que sorgeixen i fer-se prop\u00f2sits d\u2019accions que cada fam\u00edlia implementar\u00e0.<\/li>\n<\/ul>\n\n\n\n<p>Aquestes sessions tenen una<strong> durada de 90 minuts cadascuna<\/strong> i es poden implementar de forma<strong> seq\u00fcencial o independent.<\/strong> Estan pensades perqu\u00e8 cada agent educatiu pugui adaptar les sessions en funci\u00f3 dels seus coneixements i les necessitats de les fam\u00edlies del seu entorn.<\/p>\n<\/div><\/div>\n\n\n\n<div class=\"download\"><a href=\"https:\/\/lecxit.cat\/families-lectores\/wp-content\/uploads\/2021\/10\/GUIA_Les-families-aliades-de-la-lectura.pdf\" target=\"_blank\" rel=\"noopener\">Descarrega la guia<\/a><\/div>\n<\/div><\/div>\n","protected":false},"excerpt":{"rendered":"<p>Exploreu el kit metodol\u00f2gic per promoure fam\u00edlies aliades de la lectura Un model per millorar les capacitats parentals en la promoci\u00f3 de la lectura La guia s\u2019adre\u00e7a a tots aquells agents educatius que treballeu amb fam\u00edlies i que us vulgueu dotar d\u2019arguments i metodologies per potenciar la lectura a trav\u00e9s d\u2019activitats molt pr\u00e0ctiques. Proposa 3 [&hellip;]<\/p>\n","protected":false},"author":1,"featured_media":0,"parent":0,"menu_order":0,"comment_status":"closed","ping_status":"closed","template":"","meta":{"_monsterinsights_skip_tracking":false,"_monsterinsights_sitenote_active":false,"_monsterinsights_sitenote_note":"","_monsterinsights_sitenote_category":0,"footnotes":""},"acf":[],"yoast_head":"<!-- This site is optimized with the Yoast SEO plugin v21.7 - https:\/\/yoast.com\/wordpress\/plugins\/seo\/ -->\n<title>Kit metodol\u00f2gic - Fam\u00edlies aliades de la lectura<\/title>\n<meta name=\"robots\" content=\"noindex, follow\" \/>\n<meta property=\"og:locale\" content=\"ca_ES\" \/>\n<meta property=\"og:type\" content=\"article\" \/>\n<meta property=\"og:title\" content=\"Kit metodol\u00f2gic - Fam\u00edlies aliades de la lectura\" \/>\n<meta property=\"og:description\" content=\"Exploreu el kit metodol\u00f2gic per promoure fam\u00edlies aliades de la lectura Un model per millorar les capacitats parentals en la promoci\u00f3 de la lectura La guia s\u2019adre\u00e7a a tots aquells agents educatius que treballeu amb fam\u00edlies i que us vulgueu dotar d\u2019arguments i metodologies per potenciar la lectura a trav\u00e9s d\u2019activitats molt pr\u00e0ctiques. Proposa 3 [&hellip;]\" \/>\n<meta property=\"og:url\" content=\"https:\/\/lecxit.cat\/families-lectores\/kit-metodologic\/\" \/>\n<meta property=\"og:site_name\" content=\"Fam\u00edlies aliades de la lectura\" \/>\n<meta property=\"article:modified_time\" content=\"2024-01-15T19:31:01+00:00\" \/>\n<meta property=\"og:image\" content=\"https:\/\/lecxit.cat\/families-lectores\/wp-content\/uploads\/2021\/09\/thumb-silvia.png\" \/>\n<meta name=\"twitter:card\" content=\"summary_large_image\" \/>\n<meta name=\"twitter:label1\" content=\"Temps estimat de lectura\" \/>\n\t<meta name=\"twitter:data1\" content=\"2 minuts\" \/>\n<script type=\"application\/ld+json\" class=\"yoast-schema-graph\">{\"@context\":\"https:\/\/schema.org\",\"@graph\":[{\"@type\":\"WebPage\",\"@id\":\"https:\/\/lecxit.cat\/families-lectores\/kit-metodologic\/\",\"url\":\"https:\/\/lecxit.cat\/families-lectores\/kit-metodologic\/\",\"name\":\"Kit metodol\u00f2gic - Fam\u00edlies aliades de la lectura\",\"isPartOf\":{\"@id\":\"https:\/\/lecxit.cat\/families-lectores\/#website\"},\"datePublished\":\"2021-10-07T10:49:10+00:00\",\"dateModified\":\"2024-01-15T19:31:01+00:00\",\"breadcrumb\":{\"@id\":\"https:\/\/lecxit.cat\/families-lectores\/kit-metodologic\/#breadcrumb\"},\"inLanguage\":\"ca\",\"potentialAction\":[{\"@type\":\"ReadAction\",\"target\":[\"https:\/\/lecxit.cat\/families-lectores\/kit-metodologic\/\"]}]},{\"@type\":\"BreadcrumbList\",\"@id\":\"https:\/\/lecxit.cat\/families-lectores\/kit-metodologic\/#breadcrumb\",\"itemListElement\":[{\"@type\":\"ListItem\",\"position\":1,\"name\":\"Inici\",\"item\":\"https:\/\/lecxit.cat\/families-lectores\/\"},{\"@type\":\"ListItem\",\"position\":2,\"name\":\"Kit metodol\u00f2gic\"}]},{\"@type\":\"WebSite\",\"@id\":\"https:\/\/lecxit.cat\/families-lectores\/#website\",\"url\":\"https:\/\/lecxit.cat\/families-lectores\/\",\"name\":\"Fam\u00edlies aliades de la lectura\",\"description\":\"Fam\u00edlies aliades de la lectura\",\"publisher\":{\"@id\":\"https:\/\/lecxit.cat\/families-lectores\/#organization\"},\"potentialAction\":[{\"@type\":\"SearchAction\",\"target\":{\"@type\":\"EntryPoint\",\"urlTemplate\":\"https:\/\/lecxit.cat\/families-lectores\/?s={search_term_string}\"},\"query-input\":\"required name=search_term_string\"}],\"inLanguage\":\"ca\"},{\"@type\":\"Organization\",\"@id\":\"https:\/\/lecxit.cat\/families-lectores\/#organization\",\"name\":\"Fam\u00edlies aliades de la lectura\",\"url\":\"https:\/\/lecxit.cat\/families-lectores\/\",\"logo\":{\"@type\":\"ImageObject\",\"inLanguage\":\"ca\",\"@id\":\"https:\/\/lecxit.cat\/families-lectores\/#\/schema\/logo\/image\/\",\"url\":\"https:\/\/lecxit.cat\/families-lectores\/wp-content\/uploads\/2021\/10\/sharer.png\",\"contentUrl\":\"https:\/\/lecxit.cat\/families-lectores\/wp-content\/uploads\/2021\/10\/sharer.png\",\"width\":1200,\"height\":628,\"caption\":\"Fam\u00edlies aliades de la lectura\"},\"image\":{\"@id\":\"https:\/\/lecxit.cat\/families-lectores\/#\/schema\/logo\/image\/\"}}]}<\/script>\n<!-- \/ Yoast SEO plugin. -->","yoast_head_json":{"title":"Kit metodol\u00f2gic - Fam\u00edlies aliades de la lectura","robots":{"index":"noindex","follow":"follow"},"og_locale":"ca_ES","og_type":"article","og_title":"Kit metodol\u00f2gic - Fam\u00edlies aliades de la lectura","og_description":"Exploreu el kit metodol\u00f2gic per promoure fam\u00edlies aliades de la lectura Un model per millorar les capacitats parentals en la promoci\u00f3 de la lectura La guia s\u2019adre\u00e7a a tots aquells agents educatius que treballeu amb fam\u00edlies i que us vulgueu dotar d\u2019arguments i metodologies per potenciar la lectura a trav\u00e9s d\u2019activitats molt pr\u00e0ctiques. Proposa 3 [&hellip;]","og_url":"https:\/\/lecxit.cat\/families-lectores\/kit-metodologic\/","og_site_name":"Fam\u00edlies aliades de la lectura","article_modified_time":"2024-01-15T19:31:01+00:00","og_image":[{"url":"https:\/\/lecxit.cat\/families-lectores\/wp-content\/uploads\/2021\/09\/thumb-silvia.png"}],"twitter_card":"summary_large_image","twitter_misc":{"Temps estimat de lectura":"2 minuts"},"schema":{"@context":"https:\/\/schema.org","@graph":[{"@type":"WebPage","@id":"https:\/\/lecxit.cat\/families-lectores\/kit-metodologic\/","url":"https:\/\/lecxit.cat\/families-lectores\/kit-metodologic\/","name":"Kit metodol\u00f2gic - Fam\u00edlies aliades de la lectura","isPartOf":{"@id":"https:\/\/lecxit.cat\/families-lectores\/#website"},"datePublished":"2021-10-07T10:49:10+00:00","dateModified":"2024-01-15T19:31:01+00:00","breadcrumb":{"@id":"https:\/\/lecxit.cat\/families-lectores\/kit-metodologic\/#breadcrumb"},"inLanguage":"ca","potentialAction":[{"@type":"ReadAction","target":["https:\/\/lecxit.cat\/families-lectores\/kit-metodologic\/"]}]},{"@type":"BreadcrumbList","@id":"https:\/\/lecxit.cat\/families-lectores\/kit-metodologic\/#breadcrumb","itemListElement":[{"@type":"ListItem","position":1,"name":"Inici","item":"https:\/\/lecxit.cat\/families-lectores\/"},{"@type":"ListItem","position":2,"name":"Kit metodol\u00f2gic"}]},{"@type":"WebSite","@id":"https:\/\/lecxit.cat\/families-lectores\/#website","url":"https:\/\/lecxit.cat\/families-lectores\/","name":"Fam\u00edlies aliades de la lectura","description":"Fam\u00edlies aliades de la lectura","publisher":{"@id":"https:\/\/lecxit.cat\/families-lectores\/#organization"},"potentialAction":[{"@type":"SearchAction","target":{"@type":"EntryPoint","urlTemplate":"https:\/\/lecxit.cat\/families-lectores\/?s={search_term_string}"},"query-input":"required name=search_term_string"}],"inLanguage":"ca"},{"@type":"Organization","@id":"https:\/\/lecxit.cat\/families-lectores\/#organization","name":"Fam\u00edlies aliades de la lectura","url":"https:\/\/lecxit.cat\/families-lectores\/","logo":{"@type":"ImageObject","inLanguage":"ca","@id":"https:\/\/lecxit.cat\/families-lectores\/#\/schema\/logo\/image\/","url":"https:\/\/lecxit.cat\/families-lectores\/wp-content\/uploads\/2021\/10\/sharer.png","contentUrl":"https:\/\/lecxit.cat\/families-lectores\/wp-content\/uploads\/2021\/10\/sharer.png","width":1200,"height":628,"caption":"Fam\u00edlies aliades de la lectura"},"image":{"@id":"https:\/\/lecxit.cat\/families-lectores\/#\/schema\/logo\/image\/"}}]}},"_links":{"self":[{"href":"https:\/\/lecxit.cat\/families-lectores\/wp-json\/wp\/v2\/pages\/451"}],"collection":[{"href":"https:\/\/lecxit.cat\/families-lectores\/wp-json\/wp\/v2\/pages"}],"about":[{"href":"https:\/\/lecxit.cat\/families-lectores\/wp-json\/wp\/v2\/types\/page"}],"author":[{"embeddable":true,"href":"https:\/\/lecxit.cat\/families-lectores\/wp-json\/wp\/v2\/users\/1"}],"replies":[{"embeddable":true,"href":"https:\/\/lecxit.cat\/families-lectores\/wp-json\/wp\/v2\/comments?post=451"}],"version-history":[{"count":25,"href":"https:\/\/lecxit.cat\/families-lectores\/wp-json\/wp\/v2\/pages\/451\/revisions"}],"predecessor-version":[{"id":1091,"href":"https:\/\/lecxit.cat\/families-lectores\/wp-json\/wp\/v2\/pages\/451\/revisions\/1091"}],"wp:attachment":[{"href":"https:\/\/lecxit.cat\/families-lectores\/wp-json\/wp\/v2\/media?parent=451"}],"curies":[{"name":"wp","href":"https:\/\/api.w.org\/{rel}","templated":true}]}}